+ 4*j + 84 = 0, 5*j = 2*s + 3*j - 82. What is the tens digit of s?
4
Suppose -6*m = -3*m - 6. Suppose -m*q + 0 = 3*a + 21, q = 3*a + 12. What is the tens digit of 10/(-4)*(q - 3)?
1
Let s(h) = -15*h + 46. What is the units digit of s(-17)?
1
What is the tens digit of (11 - 9)/((-2)/(-33))?
3
Let x be (-41)/(-4) - 3/12. Suppose 0 = -3*i + i + x. What is the units digit of i?
5
What is the units digit of (0 - 10/(-2))*5?
5
Suppose -2*k + 0*k + 8 = 0. Suppose -2*o - 8 = -k*o. What is the units digit of o?
4
Let k = 517 - 257. What is the units digit of k?
0
What is the units digit of (-11)/(-44) + (-6)/(-8)?
1
Let v be 1/(-2)*(-4)/2. Suppose t + 0 = v. What is the units digit of 14/((t - -1)*1)?
7
Let c(h) = -h**2 + 18*h - 4. Let m be c(8). Suppose -d + 5*d = m. Let o = d + -10. What is the units digit of o?
9
Let y(p) = -p + 1. Suppose 2*s + 3 = -s. Let z(b) = -4*b. Let h(r) = s*z(r) + 3*y(r). What is the units digit of h(-2)?
1
Let t(b) = 3*b + 13 - 4 - b**3 + 6*b**2 + 0*b**3 + 3*b. Let o be t(7). Suppose -2*j - 32 = -5*q, o*q + 4*j + 4 = 12. What is the units digit of q?
6
Suppose 2*k - 22 = 18. Suppose -3*i - 2*s + 15 = -k, 2*i + s = 24. What is the tens digit of i?
1
Let j(x) = x**3 - x + 4. Let f be j(0). Let g = 7 - f. What is the units digit of g?
3
Let v(k) = k**2 - 16*k + 21. What is the units digit of v(15)?
6
Suppose -3*z - 31 = -s, 0*s - 2*z = -5*s + 194. Let d be (-1)/(-2) - 4/8. Suppose -5*i + 0*i + s = d. What is the units digit of i?
8
Let s(p) = 2*p**2 + 12*p + 16. What is the units digit of s(-10)?
6
Let b(k) = k**3 - 8*k**2 + 6*k - 2. Let n be b(7). Let o be (n/6)/((-2)/(-4)). Let u = o - -4. What is the units digit of u?
1
Let n = 5 + -6. Let r = n + 6. Suppose 3*w + r - 20 = 0. What is the units digit of w?
5
Suppose 2*k = -2*k - 4*i + 32, 2*k - 2*i = -4. Suppose 2*t = -2*t + 4*g + 8, 0 = k*t + 5*g - 22. Suppose -t*p - p + 55 = 0. What is the units digit of p?
1
Suppose -4*l - 3*f - 2*f = -145, -3*l = 5*f - 105. Suppose -a - 3*a = -l. What is the units digit of a?
0
Suppose 0 = -2*w + 4*w - 60. What is the tens digit of w?
3
Let x(w) = 109*w**2 - 4*w - 4. What is the units digit of x(-1)?
9
Suppose -3 = c - 20. Suppose -15 = -4*a - 0*b - 3*b, c = 5*a + 2*b. What is the units digit of a?
3
Suppose -490 = -3*y + 5*l, -2*l + 49 = 2*y - 251. What is the hundreds digit of y?
1
Suppose v = 28 + 16. What is the units digit of v?
4
Suppose 2*v - 38 = q - 5*q, -4*q = 0. What is the units digit of v?
9
Let f(m) = 2*m**2 + 4*m + 6. What is the tens digit of f(-5)?
3
Let n = 19 + 128. What is the tens digit of n?
4
Let w(p) be the second derivative of 2*p**3/3 - p**2/2 - 2*p. What is the units digit of w(2)?
7
Let h be (-4)/3*(-6)/(-1). Let s = h - -17. What is the units digit of s?
9
Suppose 0 = 4*u + 3*y + 90, 3*y - y + 25 = -u. Let d = -10 - u. What is the tens digit of d?
1
Let p be (-18)/(3 - (3 + 1)). Let f = p - 4. What is the units digit of f?
4
Suppose n = 14 - 7. Suppose n*a - 2*a = -3*i + 93, -4*a + 74 = 2*i. What is the tens digit of a?
1
Suppose -5*q - 5*y + 115 = 0, -80 = -5*q + 2*y - 0*y. What is the tens digit of q?
1
Let b be (0 - 3/(-9))*42. Let p be b/(-3) + 3/(-9). Let c(r) = r**2 + 3*r - 3. What is the units digit of c(p)?
7
Suppose -2*z = -4*l + 3*z + 64, -2*l + 32 = -z. Suppose 0 = -14*y + l*y - 28. What is the units digit of y?
4
Let d(r) = 6*r**3 + 4*r**2 - 2*r - 4. What is the tens digit of d(2)?
5
Suppose 205 + 3 = s. Suppose 7*t - s = 3*t. What is the tens digit of t?
5
Let s(d) = 10*d - 40. What is the units digit of s(17)?
0
Let n(d) = d**2 - 6*d + 9. Let q be n(5). What is the units digit of -13*(-2 + q - 3)?
3
Let p = 23 + 112. What is the tens digit of p?
3
Suppose 4*h + p - 252 = 0, -h = -5*h - 3*p + 244. What is the units digit of h?
4
What is the units digit of (-6)/(-15) - (-26)/10?
3
Suppose 3*s - 71 = c + 4*c, 5*s - 73 = -3*c. Let g be (-1 + 0)*(-15)/3. Suppose -5*l - a + 12 = -g, -3*l + s = 4*a. What is the units digit of l?
3
Let p(t) = -4*t - 6. Let q(u) = 5 - 1 + 5*u - 2*u + 2. Let v(w) = -5*p(w) - 6*q(w). What is the units digit of v(6)?
6
Let d(z) = -6*z + z - 4 + 4*z. Let g be d(-5). Suppose 2 + g = o. What is the units digit of o?
3
Let h(k) = 40*k**3 + 3*k - 2. What is the units digit of h(1)?
1
Suppose 6*o - o + 2*u = -12, 2 = -2*u. Let i be (-26)/(-6) - o/3. Suppose -i*d + 25 + 0 = 0. What is the units digit of d?
5
Let i(a) = a**3 + 9*a**2 - 12*a + 10. Let k be i(-10). Suppose k = 3*r + 2*r. What is the units digit of r?
6
Let o(w) = -18*w**3 + 3*w**2 - 4. What is the tens digit of o(-2)?
5
Suppose 3*u - 154 = 179. What is the units digit of u?
1
Let q(d) = -d**3 - 2*d**2 - 5*d - 3. What is the units digit of q(-3)?
1
Let w = 7 - 9. Let d be (-1)/(-2) - 10/(-4). What is the units digit of 4/w + (9 - d)?
4
Suppose 3*o - 3*a + 116 = 356, -o - 5*a + 74 = 0. What is the units digit of o?
9
Let h = 30 + -14. Let x = 47 - h. What is the units digit of x?
1
Suppose 5*t = -0*t + 490. What is the units digit of t?
8
Let b(j) = -j + 9. Let v be b(-13). Let q(f) = -f**2 + 3*f + 2. Let l be q(-3). Let d = l + v. What is the units digit of d?
6
Let s = 18 - 2. Suppose 0 = -3*o + o + s. What is the units digit of o?
8
Let w(p) = -18*p + 18. What is the units digit of w(-6)?
6
Suppose -h + 8 = -0*h. What is the units digit of (-2)/h*-23*4?
3
Let n(l) = 2*l - 2*l**2 - 2*l**2 + 3*l**2 + 1. Let q be n(2). What is the units digit of (-4 - 4)*(q + -2)?
8
Suppose -4*k - k - 2*u + 21 = 0, -9 = -3*k - 3*u. What is the units digit of k?
5
Let m(y) = -2*y**2 + 21*y + 5. What is the units digit of m(9)?
2
Let d(u) = -u**3 + 8*u**2 - 8*u - 3. Suppose -15 = -2*b - 3. What is the tens digit of d(b)?
2
Suppose 5*v - 5*z - 90 = 0, 8 = -4*z + 2*z. Suppose -2*b + 0*b = -v. What is the units digit of b?
7
What is the tens digit of -267*-3*(-3)/(-27)?
8
Let f(g) = 3*g**2 - 4*g - 2. What is the units digit of f(-1)?
5
Let s = -10 - 15. What is the units digit of (-65)/s + (-2)/(-5)?
3
Suppose 5*z = 37 + 98. Suppose -3*g = 3*l - z, 4*l + 20 = -0*g + 3*g. What is the units digit of (1 - 2)/((-1)/g)?
8
Suppose 5*g + a - 3*a + 37 = 0, 8 = -2*a. Let w be 2/3 - 30/g. Suppose 0 = -4*i - b + 25, -12 = -w*i + b + 11. What is the units digit of i?
6
Suppose 4*i - 5*z = 19, i + z - 5*z - 2 = 0. What is the tens digit of i - 4 - 5*-4?
2
Suppose 4*w - 4*x - 236 = 0, -2*w - 132 = -4*w - 5*x. What is the units digit of w?
1
Let t(d) = d**3 + d. Let i be t(1). Let f = 13 + i. Let w = f - 8. What is the units digit of w?
7
Suppose -2*t + 112 = p, t + 0*p + 2*p = 56. Suppose 3*b = -b - t. Let h = b - -22. What is the units digit of h?
8
Let m be (-6)/2 - (2 - 0). Let l = 10 + m. Suppose 65 = l*i - 5*v, 4*v - 7 = 5*i - 70. What is the units digit of i?
1
Suppose -30 = -4*r - 102. Let z = -4 - r. What is the units digit of z?
4
Let n be (3/(-4))/(1/12). Let t = n - -17. What is the units digit of t?
8
Suppose 4*d = -3*c + 371, -5*c + 106 = -5*d - 559. What is the hundreds digit of c?
1
Suppose 32 - 86 = -2*c. Suppose 2*m = -m + c. What is the units digit of m?
9
Let c be ((-2)/(-1))/(1 - 2). Let r be c/(-9) - 12/54. Suppose r = -3*z + 12 + 24. What is the units digit of z?
2
Let x(u) = u**2 - 9*u + 30. What is the tens digit of x(9)?
3
Let m(z) be the third derivative of 3*z**5/20 - z**4/24 + 3*z**2. Let u be m(1). What is the units digit of (5 - 8)/((-6)/u)?
4
Suppose -g = 5 - 9. What is the units digit of (-180)/(-42) + g/(-14)?
4
Suppose -2 = 3*x - 4*x. Let s be 21*(0 + x/6). Suppose -4*n - 8 = -2*v, -5*v + n + 4 = -s. What is the units digit of v?
2
Let v = 10 + -5. Suppose 7 = v*j - 3. What is the units digit of j?
2
Suppose x = -2*x. Suppose 0 = 2*p - 3*j - j - 72, x = 3*p + 5*j - 152. Suppose -6*a + 95 = -a - 5*r, 0 = -4*a - 4*r + p. What is the tens digit of a?
1
What is the tens digit of 3/4 + (4 - 989/(-4))?
5
Suppose 94 = 4*l - 18. What is the tens digit of l?
2
What is the units digit of 32*(1 + 0/(-4))?
2
Let x be -4 + 0 + 6 + -3. Let i be (3 + -3 - x)*-11. Let h = i - -17. What is the units digit of h?
6
Let s(o) = 28*o**2 - 1. What is the units digit of s(-1)?
7
What is the tens digit of 6/9*(-801)/(-6)?
8
Let j be (-2)/5*-1*40. Suppose -j = -2*o + 2. What is the units digit of o?
9
Suppose 0 = -2*k + 6 - 0. Suppose 0 = 2